r?
False
Let d(i) be the third derivative of i**5/6 + 2*i**4/3 + 13*i**3/6 - 2*i**2 - 1. Is d(-28) a composite number?
True
Let v be -1 + -1 + (-84)/(-12). Suppose -4*z - 843 - 482 = -v*o, -2*z = -2*o + 528. Let j = o - 180. Is j composite?
False
Suppose 4233 = -8*k + 377. Let q = 844 + k. Let d = -199 + q. Is d a composite number?
False
Suppose 0*y = y - 2*o - 69, 5*o = -2*y + 138. Is (0 + (-64254)/4)*(-46)/y composite?
False
Let q(c) = 9*c + 506. Is q(115) a prime number?
False
Let u = 13885 + 6189. Is u composite?
True
Let p(y) = 24364*y + 3035. Is p(18) prime?
True
Suppose 201444 = -37*h + 43*h. Let b = -22757 + h. Is b prime?
False
Suppose -3*j + 1955134 = 96817. Is j composite?
True
Suppose 3275 = -5*v + 21180. Let f = -1087 + v. Suppose -3*t + 2529 = 3*h, -h + f = 3*t - 5*h. Is t a composite number?
True
Suppose 9*w - 13*w = 1012. Let y = w + 431. Suppose 7*q - 437 + y = 0. Is q a composite number?
False
Let h(r) = 1418*r**2 - 8*r - 15. Is h(-28) prime?
True
Suppose h = -2*b + 19947, 108*b + 19962 = h + 113*b. Is h a composite number?
False
Suppose 0 = z + 5, -8*t = -3*t + z - 5. Suppose 4*a + 4*o - 34660 = 0, t*a - 3*a + 4*o + 8665 = 0. Is a composite?
True
Is (((-54639310)/(-60))/(-11))/(26/(-12) - -2) a prime number?
False
Suppose -16*p + 19*p - 216948 = 0. Suppose -39344 = -12*m + p. Is m a composite number?
True
Let z(x) = -11*x - 18. Let s(y) = y + 1. Let l(h) = -3*s(h) + z(h). Let a be l(-7). Suppose 78*k - 97 = a*k. Is k a prime number?
True
Suppose 6*n - 400 = -370. Suppose 0 = z + 3 - n, -6976 = -2*o + 3*z. Is o a composite number?
False
Suppose 72 = -10*u + 4*u. Is ((-2604)/(-8))/(-7)*2152/u prime?
False
Suppose -12*j - 7*j = -15*j - 17572. Is j a composite number?
True
Suppose -49*r + 39*r - 46790 = 0. Let i = r + 8762. Is i prime?
False
Suppose 42*k - 301977 = -76*k + 4968965. Is k a prime number?
False
Suppose -28 = -5*r + 2. Let n(q) = q**3 - 8*q**2 + 12*q + 4. Let z be n(r). Is (z/12)/((-1)/(-2637)) a composite number?
True
Let q(k) = -k**3 + 17*k**2 + 19*k - 13. Let a be q(18). Suppose 6 = 8*f - a*f. Suppose 2*y + 3*i - 398 = -3*y, -y - f*i + 81 = 0. Is y a composite number?
False
Let h = 33 - 28. Suppose v - h = -473. Let o = 887 + v. Is o prime?
True
Let r(o) = -13021*o + 14882. Is r(-9) a composite number?
False
Suppose -b = 3*v - 163, -4*v + 479 = 3*b - 5*v. Suppose -3*t = 9, 3138 = x - 5*t + b. Is x prime?
True
Is ((-17401)/(((-6)/4)/(-3)))/(-2) a composite number?
False
Let a = -24 + 13. Let s(w) = 5*w**3 - 29*w**2 + 20*w + 42. Let q(n) = -2*n**3 + 10*n**2 - 7*n - 14. Let d(v) = a*q(v) - 4*s(v). Is d(5) composite?
True
Suppose 22*a - 99*a + 1502809 = 0. Is a composite?
True
Let h = 561 - 562. Let v(m) be the first derivative of -22*m**4 - m**2 - m + 1. Is v(h) a prime number?
True
Suppose r = 3*o - 318846 + 881270, -2*r - 4*o = -1124858. Is r a composite number?
False
Is ((-55)/(990/(-12)))/((-1)/(662523/(-2))) a composite number?
False
Let m be (2052/144)/(1/3572). Let h = m - 11152. Is h composite?
False
Let i = -413 - -425. Let j(p) = 83*p - 305. Is j(i) a prime number?
True
Suppose 39 = 18*m - 51. Suppose -3*v + 12 = -6*v, -m*v = -4*j + 492. Is j prime?
False
Suppose i - 329 - 94 = -s, 2 = 2*s. Is 2*i/6*6/4 a composite number?
False
Is (-2)/(-5)*12485590/52 a composite number?
False
Let b(l) = -3*l**3 + 18*l**2 - 22*l + 67. Is b(-28) a composite number?
False
Suppose -60*x + 64123928 = 16*x + 12*x. Is x a composite number?
False
Let n(u) = -u**3 + 6*u**2 + 6. Let r be n(6). Suppose -2*q = -r*q - 2*q. Suppose -498 = -q*a - 2*a. Is a a composite number?
True
Let v be -4105 - ((-60)/50)/((-2)/(-5)). Is (v + -54)*(-1 + (-6)/(-8)) prime?
True
Let f(i) = -4*i**3 + 20*i**2 + 22*i - 29. Let r be f(18). Let q = -2492 - r. Is q prime?
False
Suppose -4*j - 11953 = -5*s, 0 = 3*s + j - 3691 - 3491. Is s composite?
False
Suppose -x + 655 = -95. Let c be (-18)/(-81) - (-4)/(-18). Suppose c = 5*a - 20, 0 = -y - y + a + x. Is y prime?
False
Let v(p) = p**3 - 22*p**2 - 2*p + 20. Let s be v(22). Is (1113/(-6))/(12/s) composite?
True
Let u(z) = -18*z + 5. Let p be u(-6). Suppose 6*j - 84 = -22*j. Suppose -s = -r + p, 7*r = 2*r - j*s + 549. Is r a composite number?
True
Let h be 10/(-7) - (-8)/(-14). Is (-197*(-2 + 12))/h composite?
True
Suppose -248 = 8*r - 3176. Suppose 3*d = 2*d - 4*b + 70, 5*d + 4*b - r = 0. Is d a prime number?
False
Let x = -13863 + 24722. Let g = x + -6061. Is g a composite number?
True
Is 536713/(-3)*(-33)/11 composite?
True
Let d = -360 + 2418. Suppose -j - j = -4*x + d, -x = -3*j - 502. Is x composite?
True
Let m(t) be the third derivative of t**6/40 - 4*t**5/15 - 5*t**4/24 - 25*t**3/6 + 22*t**2. Is m(8) prime?
False
Suppose 35*h + 196*h = 4851231. Is h prime?
True
Let h = 76819 + -25076. Is h composite?
True
Let u = 2 - -3. Suppose 30 = u*z + 10. Suppose -4*i + z*m = -9*i + 10499, -m + 4199 = 2*i. Is i prime?
True
Suppose -13 = 5*l + 7, 0 = -2*j - 4*l + 838. Is j composite?
True
Is (-1314579)/(-210) + -19 - (-2)/20 a composite number?
True
Let q(y) = 731*y**3 + 3*y**2 + 65*y - 188. Is q(3) composite?
True
Suppose 0 = d - 2*x - 5, d + 2*x + 0 = 5. Let i(j) = -3*j - 8 + j - d + 8. Is i(-20) a composite number?
True
Let z be (4/(-6))/(38/(-285)). Suppose -z*h = -10 - 25. Suppose -4*w = -h*w + 3183. Is w a prime number?
True
Let c(g) = 486*g**2 + 46*g - 357. Is c(-26) composite?
False
Let p(w) = 14*w**2 + 2. Let t be p(-4). Suppose -33542 = -12*h + t. Suppose 4932 + h = 2*v. Is v a prime number?
False
Suppose -3*i - 91 = p, -2*p = i - 0*p + 37. Let v = i - -32. Suppose 4*w + v*h + 520 = 6*w, 2*h + 1032 = 4*w. Is w a composite number?
False
Let y(i) = 4377*i**3 - 22*i**2 + 13*i - 37. Is y(4) a prime number?
False
Let c = -67 - -87. Is (-19047)/(-2) - -2 - (-30)/c a prime number?
False
Is 5/10*-38*(-3233 + 16) composite?
True
Suppose 424*m - 431*m = -720615. Suppose 35*g - 20*g - m = 0. Is g composite?
False
Let h(g) = g**3 + 3*g**2 - g + 1. Let m be h(3). Let w be (-1780)/(-120) + (-5)/(-33 - -3). Let q = m - w. Is q prime?
True
Suppose 5*a + 301 - 313 = -4*c, -5*a + 4*c = -28. Suppose -5518 = 3*q - 5*q. Suppose 0 = -4*o + 3*v + 2767, -5*v + q = a*o - 0*v. Is o a composite number?
False
Suppose -90 = 2*k - 8*k. Suppose -k*d = -19*d + 5492. Is d composite?
False
Let p = 54824 + 18393. Is p prime?
False
Suppose 0 = -10*j - 94 - 26. Let g(z) = -2 + 7*z**2 - 9 + 14*z - 8. Is g(j) a composite number?
False
Let k(v) = 377*v - 50. Let n be k(26). Let i(j) = 8*j**2 + 2*j - 1. Let l be i(8). Suppose q = 3*p + 1832, -2*p - n + l = -5*q. Is q a prime number?
True
Let q be (-152)/380 + 32*(-2)/(-10). Suppose -q*a + 1043 = -823. Is a prime?
True
Suppose 3*w - 51 + 42 = 0, 95814 = 4*z - 2*w. Is 5 + z - -6*(-4)/(-8) composite?
True
Suppose 5*g = -10 - 45. Let p(c) = -2*c - 17. Let u be p(g). Suppose 0*j - 3*n = -j + 836, u*j = -n + 4196. Is j a prime number?
True
Let r = 500113 - -118810. Is r composite?
True
Let t(w) = 29*w**2 - 4*w + 217. Is t(8) composite?
True
Let v = 14 + 77285. Is v a composite number?
True
Let c(p) = 110*p - 44. Let r be c(13). Is ((-4)/8)/(1/2) + r a composite number?
True
Suppose 0 = -64*j - 118*j + 34190702. Is j a composite number?
False
Suppose 5*b - 8005529 = 7*z, 21 - 37 = -2*z. Is b composite?
True
Suppose 1018 + 2982 = 4*h. Is (0 - -5)*(-84)/(-140) + h a composite number?
True
Suppose -8*b + 30 = -13*b. Let r be (30/(-9) + 2)*b/(-4). Is 1262/1 + r + -1 composite?
False
Suppose 12*v = -v + 38831. Let x = 8052 - v. Is x prime?
False
Suppose 3740325 = 11*o - 1463654. Is o composite?
False
Let v(d) = 18102*d**2 + 40*d - 65. Is v(4) prime?
True
Suppose 248*j = 324*j - 14874568. Is j composite?
True
Suppose 13*i = 19*i - 33882. Suppose 3*z = j - 2457 - 3162, j + 4*z = i. Is j a composite number?
True
Let f(h) = 9*h**3 - 4*h**2 + 6*h - 2. Let u be f(5). Let m(t) = -2*t + 2 + 430*t**3 + 3*t - 5*t + u*t**3. Is m(1) a prime number?
True
Is (3207/(-4276))/(((-6)/13782928)/3*6) a composite number?
False
Suppose 10*p = -109 + 119. Let h(m) = -46*m**2 + 2*m + 1. Let d(u) = -46*u**2 + 2*u. Let v(s) = -3*d(s) + 2*h(s). Is v(p) a composite number?
True
Let b(x) = -x**3 + 20*x**2 + 22*x - 21. Let c be b(21). Suppose h = -3*u + 6836, c = 5*u + 5*h - 7084 - 4306. Is u a composite number?
True
Let z be (-1